5
Let v(a) = a**3 - 2*a. What is v(-2)?
-4
Let o(q) = 37*q**3 - 2*q**2 - q. Calculate o(-1).
-38
Let i(d) = -d**3 - 11*d**2 - 10*d + 2. What is i(-10)?
2
Let k(a) = 3*a**3 - 61*a**2 + 21*a - 25. Calculate k(20).
-5
Let c(l) = 3*l - 17. Calculate c(6).
1
Let y(x) = -16*x - 24. Determine y(-2).
8
Let x(n) = n**2 - 14*n - 18. What is x(15)?
-3
Let o(d) = d**3 - 24*d**2 + 3*d - 7. Give o(24).
65
Let x(u) = 5*u**3 - u**2 - u - 1. Determine x(-1).
-6
Let x(g) = -g**2 - 3*g + 2. What is x(-3)?
2
Let c(f) = 3*f + 21. Calculate c(-9).
-6
Let a(t) = -2*t**3 + 29*t**2 - 10*t - 62. Calculate a(14).
-6
Let o(j) = -5*j + 167. Determine o(31).
12
Let o(q) = 2*q**2 + 4*q - 4. Determine o(1).
2
Let c(u) = -3*u**2 + 7*u - 27. Determine c(4).
-47
Let z(y) = -2*y**3 + 22*y**2 - y + 12. Calculate z(11).
1
Let r(p) = 4*p + 56. Determine r(15).
116
Let k(t) = t**2 + 14*t - 84. What is k(-18)?
-12
Let k(h) = 2*h**2 - 3*h - 2. Calculate k(3).
7
Let o(y) = -y**3 - y - 3. Determine o(3).
-33
Let j(x) = 3*x**3 + 9*x**2 + 4*x + 22. Determine j(-3).
10
Let t(w) = 3*w - 4. Give t(3).
5
Let i(s) = -s**2 - 2*s + 53. Give i(7).
-10
Let o(b) = 32*b**3 - b**2 - b + 1. What is o(1)?
31
Let j(o) = -116*o + 930. What is j(8)?
2
Let u(j) = 44*j**2 + 1. Give u(1).
45
Let t(w) = 3*w**3 + 2*w**2 + 9*w - 17. Determine t(2).
33
Let r(i) = 2*i + 32. Calculate r(-16).
0
Let m(l) = -5*l**3 + l**2 - 2*l + 1. What is m(1)?
-5
Let z(j) = -3*j**2 - 9*j - 41. Determine z(-6).
-95
Let g(c) = 5*c**3 - 44*c**2 - 11*c + 17. Give g(9).
-1
Let i(o) = o**3 + 7*o**2 + 6*o + 11. Calculate i(-7).
-31
Let v(m) = -5*m**2 + 14*m + 10. Give v(4).
-14
Let d(p) = -p - 18. Determine d(-20).
2
Let m(y) = y**3 - 9*y**2 + 9*y - 1. Determine m(8).
7
Let z(o) = -11*o - 27. What is z(4)?
-71
Let n(t) = t**2 + 14*t - 5. Determine n(-15).
10
Let g(w) = w**3 - 8*w**2 + 7*w + 1. What is g(8)?
57
Let c(a) = a**2 - 3*a + 8. Calculate c(-4).
36
Let z(w) = 2*w**2 - 5*w + 4. Give z(6).
46
Let l(t) = -t**3 - 4*t**2 - 6*t + 3. Determine l(-3).
12
Let j(z) = z**2 - 9*z + 17. Calculate j(7).
3
Let o(q) = 5*q + 44. Determine o(-10).
-6
Let a(k) = 49*k**3 - 7*k**2 + 7*k - 1. What is a(1)?
48
Let h(b) = b**3 + 7*b**2 + 6*b - 10. What is h(-7)?
-52
Let y(w) = 2*w**3 - 17*w**2 + 6*w + 10. Calculate y(8).
-6
Let g(y) = -2*y**2 - 17*y + 24. Calculate g(-9).
15
Let l(r) = 3*r. Determine l(-6).
-18
Let z(y) = -2*y**2 - 22*y - 55. Give z(-6).
5
Let f(d) = 15*d**2 - d. Calculate f(-1).
16
Let d(r) = -r**2 + 37*r - 194. Determine d(6).
-8
Let v(u) = 20*u + 68. Determine v(-8).
-92
Let z(a) = -3*a - 17. What is z(-9)?
10
Let f(p) = -6*p + 13. Calculate f(12).
-59
Let y(m) = -m**3 - 12*m**2 - 17*m - 9. Determine y(-10).
-39
Let m(t) = -t**3 + 6*t**2 + 7*t + 5. What is m(7)?
5
Let x(p) = 14*p**2 - 3*p + 2. Give x(1).
13
Let p(r) = -13*r + 17. Determine p(1).
4
Let p(j) = 3*j**2 + 13*j + 4. What is p(-5)?
14
Let u(v) = -v**2 + 28*v - 64. Calculate u(26).
-12
Let z(q) = q**2 + 6*q - 7. What is z(-7)?
0
Let s(d) = d**2 - 6*d + 9. Calculate s(6).
9
Let w(q) = 9*q - 115. Calculate w(9).
-34
Let t(d) = -d**2 + 11*d + 11. What is t(15)?
-49
Let j(y) = -y**3 + 9*y**2 - 6*y + 8. Determine j(8).
24
Let m(o) = -6*o + 146. What is m(25)?
-4
Let w(s) = s - 13. Determine w(12).
-1
Let x(l) = 2*l - 36. Calculate x(16).
-4
Let s(g) = 8*g + 6. Give s(-5).
-34
Let n(w) = -13*w - 78. What is n(-3)?
-39
Let u(r) = -r**3 + 16*r**2 - 1. Determine u(16).
-1
Let j(a) = -4*a**2 + 25*a - 1. What is j(6)?
5
Let x(l) = -l**2 + 10*l - 22. Calculate x(8).
-6
Let y(d) = 11*d**3 + d**2 + 3*d + 1. Calculate y(-1).
-12
Let h(u) = -u**3 + 12*u**2 - 3*u + 3. Determine h(12).
-33
Let l(q) = 3*q**2 - 5*q + 4. Calculate l(2).
6
Let r(f) = f**3 - 5*f**2 - 2. What is r(5)?
-2
Let a(s) = s**2 - s - 3. What is a(-3)?
9
Let s(l) = -l**3 - 3*l**2 + 30*l - 4. Determine s(-7).
-18
Let g(z) = 52*z + 535. What is g(-10)?
15
Let b(c) = -2*c + 8. Determine b(4).
0
Let x(t) = -13*t**2 + 11*t - 19. What is x(2)?
-49
Let n(o) = -6*o**2 + o + 1. Calculate n(-1).
-6
Let k(g) = g**3 + 7*g**2 + 2*g + 4. Calculate k(-7).
-10
Let w(v) = 2*v**2 - 2*v + 2. Give w(7).
86
Let u(y) = 52*y. What is u(1)?
52
Let o(a) = -2*a + 4. Calculate o(3).
-2
Let l(y) = -y**2 - 8*y - 1. Give l(-7).
6
Let x(u) = 11*u - 24. Determine x(2).
-2
Let a(q) = q - 23. Give a(23).
0
Let z(l) = 5*l**2 + 37*l + 34. Determine z(-6).
-8
Let k(b) = -b + 12. What is k(0)?
12
Let f(t) = -2*t - 3. Determine f(7).
-17
Let c(r) = -r. Give c(8).
-8
Let g(z) = -z**2 - 11*z - 17. Calculate g(-6).
13
Let g(m) = -m**2 - 17*m + 24. Give g(-22).
-86
Let d(z) = -z**2 + 15*z - 19. Give d(9).
35
Let x(r) = r - 1. What is x(3)?
2
Let v(i) = -2*i**2 + 41*i - 3. What is v(18)?
87
Let a(k) = k**3 - 4*k**2 + 3*k + 2. Calculate a(4).
14
Let j(b) = -7*b - 19. Determine j(-3).
2
Let v(w) = -7*w**2 + 3*w + 3. What is v(-4)?
-121
Let w(k) = k**3 - 5*k**2 + k - 3. Give w(4).
-15
Let q(o) = -2*o**2 + 39*o - 7. Determine q(18).
47
Let x(u) = -3*u + 78. Calculate x(-20).
138
Let f(k) = -k - 15. Determine f(-13).
-2
Let y(x) = x + 3. Give y(-3).
0
Let d(c) = 2*c + 19. Give d(-14).
-9
Let s(z) = -2*z**2 + 4*z + 8. Determine s(6).
-40
Let c(j) = -49*j**2 - j - 24. Give c(0).
-24
Let g(s) = s**3 + s**2 - s - 16. Give g(0).
-16
Let m(w) = -33*w - 3. What is m(0)?
-3
Let j(g) = -g**3 - 12*g**2 - 10*g + 14. Give j(-11).
3
Let s(o) = 107*o + 7. Calculate s(0).
7
Let w(a) = -a**3 - 18*a**2 - 17*a + 8. Determine w(-17).
8
Let q(t) = -42*t**3 - t**2. Calculate q(-1).
41
Let a(g) = 10*g + 18. Give a(-8).
-62
Let h(x) = x**2 + 10*x - 135. Determine h(-18).
9
Let j(a) = -a + 17. Give j(7).
10
Let p(d) = 5*d**2 + d. Give p(1).
6
Let u(z) = -89*z + 636. Calculate u(7).
13
Let s(z) = z**3 - 8*z**2 + 13*z - 5. Determine s(3).
-11
Let h(s) = 144*s + 428. Calculate h(-3).
-4
Let q(c) = -10*c + 18. Calculate q(3).
-12
Let v(q) = 2*q**2 - 61*q + 86. What is v(29)?
-1
Let v(z) = -7*z - 1. What is v(-1)?
6
Let q(h) = -3*h + 46. Calculate q(4).
34
Let t(a) = -a - 20. What is t(5)?
-25
Let v(k) = k**2 - 17*k - 117. What is v(-5)?
-7
Let h(g) = g**3 + g + 1. Calculate h(-1).
-1
Let k(z) = -3*z**2 - 4*z - 2. Calculate k(-2).
-6
Let a(k) = -k**3 - 19*k**2 - 2. Calculate a(-19).
-2
Let u(w) = -8*w**2 - 2*w + 5. Calculate u(4).
-131
Let x(a) = -2*a**3 - 23*a**2 + 45*a + 71. What is x(-13)?
-7
Let i(j) = 18*j + 12. Give i(6).
120
Let r(a) = 3*a**2 - 5*a + 2. Calculate r(0).
2
Let i(x) = 2*x**2 + 5*x - 3. Determine i(-4).
9
Let z(d) = 2*d**2 - d - 56. Determine z(0).
-56
Let r(u) = 2*u - 3. Give r(2).
1
Let l(g) = -5*g**3 - g**2 - g - 2. Give l(-2).
36
Let k(o) = o - 27. Determine k(0).
-27
Let z(a) = -a**3 + 4*a - 6. Calculate z(-3).
9
Let t(q) = -q**3 + 3*q**2 + 5*q - 6. Give t(3).
9
Let t(s) = s**3 + 9*s**2 + 13. Determine t(-9).
13
Let o(p) = p**3 - 17*p**2 + 19*p - 49. Determine o(16).
-1
Let l(p) = -p + 18. Determine l(4).
14
Let p(y) = y**3 - 12*y**2 + 11*y - 1. Give p(11).
-1
Let p(a) = -3*a - 2. Calculate p(-2).
4
Let r(t) = -t + 30. What is r(31)?
-1
Let y(i) = i**2 + 15*i - 182. Calculate y(-23).
2
Let n(f) = 5*f + 8. Give n(-9).
-37
Let u(w) = -4*w**2 + 12. Give u(4).
-52
Let l(j) = -4*j**2 - j + 3. What is l(-2)?
-11
Let c(x) = 15*x - 133. Determine c(9).
2
Let o(q) = -q**3 + 11*q**2 - 76*q + 526. What is o(9)?
4
Let z(y) = y**3 + 12*y**2 + 12*y + 11. What is z(-11)?
0
Let d(p) = 3*p - 25. Calculate d(8).
-1
Let t(u) = u**2 + 22*u + 67. Give t(-16).
-29
Let v(o) = 2*o**2 + 11*o + 2. Calculate v(-6).
8
Let a(t) = -3*t + 27. Calculate a(11).
-6
Let y(o) = -7*o - 185. Determine y(-31).
32
Let d(z) = 3*z - 20. What is d(5)?
-5
Let c(q) = -q**2 + 6*q - 14. What is c(4)?
-6
Let g(w) = 6*w + 54. Give g(-13).
-24
Let u(x) = -x**2 + 4*x - 9. Determine u(2).
-5
Let y(m) = -2*m + 29. Determine y(12).
5
Let v(m) = -6*m**2 - 5*m + 18. What is v(4)?
-98
Let i(d) = -92*d + 183. Give i(2).
-1
Let w(n) = -11*n + 251. Give w(23).
-2
Let s(k) = k**2 + 17*k - 11. Determine s(0).
-11
Let i(c) = 2*c - 1. Calculate i(1).
1
Let b(o) = -5*o - 34. Calculate b(-9).
11
Let x(r) = 10*r**2 + 7*r + 5. Calculate x(-1).
8
Let s(i) = -i**3 + 13*i**2 - 12*i - 3. Give s(12).
-3
Let s(u) = u**2 - 14*u + 39. Calculate s(6).
-9
Let b(t) = -t**2 + 17*t - 45. Calculate b(4).
7
Let m(t) = t**3 - 18*t**2 - 2*t - 6. Give m(